ed by 48.
45
What is the remainder when 1213 is divided by 38?
35
What is the remainder when 81 is divided by 29?
23
What is the remainder when 236 is divided by 35?
26
Calculate the remainder when 109 is divided by 30.
19
Calculate the remainder when 1639 is divided by 27.
19
What is the remainder when 361 is divided by 136?
89
Calculate the remainder when 529 is divided by 24.
1
What is the remainder when 414 is divided by 83?
82
Calculate the remainder when 284 is divided by 58.
52
Calculate the remainder when 329 is divided by 22.
21
Calculate the remainder when 244 is divided by 20.
4
What is the remainder when 40831 is divided by 64?
63
What is the remainder when 38 is divided by 11?
5
Calculate the remainder when 383 is divided by 93.
11
Calculate the remainder when 1020 is divided by 19.
13
What is the remainder when 561 is divided by 26?
15
Calculate the remainder when 118 is divided by 14.
6
Calculate the remainder when 412 is divided by 403.
9
Calculate the remainder when 1132 is divided by 56.
12
Calculate the remainder when 2178 is divided by 20.
18
Calculate the remainder when 79 is divided by 59.
20
What is the remainder when 483 is divided by 61?
56
What is the remainder when 889 is divided by 110?
9
What is the remainder when 23101 is divided by 361?
358
Calculate the remainder when 1351 is divided by 13.
12
What is the remainder when 1886 is divided by 86?
80
Calculate the remainder when 5422 is divided by 175.
172
What is the remainder when 2023 is divided by 1000?
23
What is the remainder when 114 is divided by 25?
14
What is the remainder when 434 is divided by 153?
128
What is the remainder when 111 is divided by 16?
15
Calculate the remainder when 201 is divided by 26.
19
Calculate the remainder when 962 is divided by 69.
65
What is the remainder when 4283 is divided by 63?
62
What is the remainder when 85 is divided by 10?
5
What is the remainder when 79 is divided by 32?
15
What is the remainder when 1999 is divided by 40?
39
What is the remainder when 4304 is divided by 1071?
20
What is the remainder when 42 is divided by 25?
17
What is the remainder when 62 is divided by 25?
12
What is the remainder when 2197 is divided by 4?
1
Calculate the remainder when 319 is divided by 83.
70
Calculate the remainder when 30 is divided by 2.
0
Calculate the remainder when 13749 is divided by 26.
21
Calculate the remainder when 304 is divided by 11.
7
Calculate the remainder when 523 is divided by 267.
256
What is the remainder when 918 is divided by 47?
25
What is the remainder when 3731 is divided by 45?
41
Calculate the remainder when 98 is divided by 16.
2
What is the remainder when 1426 is divided by 7?
5
Calculate the remainder when 550 is divided by 46.
44
What is the remainder when 314 is divided by 138?
38
Calculate the remainder when 14255 is divided by 44.
43
What is the remainder when 85 is divided by 29?
27
Calculate the remainder when 39 is divided by 6.
3
What is the remainder when 84802 is divided by 444?
442
What is the remainder when 423 is divided by 39?
33
Calculate the remainder when 293 is divided by 132.
29
Calculate the remainder when 1243 is divided by 25.
18
What is the remainder when 84 is divided by 65?
19
Calculate the remainder when 3177 is divided by 1051.
24
Calculate the remainder when 234 is divided by 114.
6
What is the remainder when 258 is divided by 12?
6
Calculate the remainder when 4384 is divided by 78.
16
Calculate the remainder when 5340 is divided by 39.
36
What is the remainder when 220 is divided by 30?
10
What is the remainder when 1378 is divided by 183?
97
Calculate the remainder when 136 is divided by 69.
67
What is the remainder when 224 is divided by 57?
53
What is the remainder when 220 is divided by 13?
12
What is the remainder when 332 is divided by 14?
10
What is the remainder when 414 is divided by 42?
36
What is the remainder when 388 is divided by 3?
1
Calculate the remainder when 241 is divided by 60.
1
What is the remainder when 286 is divided by 38?
20
Calculate the remainder when 201 is divided by 103.
98
What is the remainder when 590 is divided by 60?
50
Calculate the remainder when 107 is divided by 71.
36
Calculate the remainder when 209 is divided by 111.
98
What is the remainder when 348 is divided by 39?
36
Calculate the remainder when 50 is divided by 9.
5
Calculate the remainder when 2372 is divided by 1182.
8
Calculate the remainder when 13144 is divided by 55.
54
Calculate the remainder when 67 is divided by 8.
3
Calculate the remainder when 1857 is divided by 11.
9
Calculate the remainder when 164 is divided by 54.
2
Calculate the remainder when 523 is divided by 106.
99
What is the remainder when 951 is divided by 40?
31
Calculate the remainder when 1023 is divided by 190.
73
What is the remainder when 87 is divided by 35?
17
What is the remainder when 1208 is divided by 13?
12
What is the remainder when 687 is divided by 63?
57
Calculate the remainder when 107 is divided by 80.
27
What is the remainder when 1483 is divided by 99?
97
Calculate the remainder when 1243 is divided by 26.
21
What is the remainder when 5562 is divided by 13?
11
What is the remainder when 441 is divided by 34?
33
What is the remainder when 300 is divided by 40?
20
What is the remainder when 641 is divided by 138?
89
Calculate the remainder when 775 is divided by 19.
15
What is the remainder when 9183 is divided by 167?
165
Calculate the remainder when 115 is divided by 27.
7
Calculate the remainder when 230 is divided by 66.
32
Calculate the remainder when 698 is divided by 13.
9
What is the remainder when 297 is divided by 103?
91
What is the remainder when 87 is divided by 7?
3
Calculate the remainder when 26597 is divided by 190.
187
Calculate the remainder when 129 is divided by 38.
15
What is the remainder when 6358 is divided by 6?
4
Calculate the remainder when 373 is divided by 22.
21
Calculate the remainder when 736 is divided by 188.
172
What is the remainder when 83 is divided by 17?
15
What is the remainder when 344 is divided by 13?
6
What is the remainder when 107 is divided by 33?
8
What is the remainder when 290 is divided by 11?
4
Calculate the remainder when 2094 is divided by 32.
14
Calculate the remainder when 195 is divided by 182.
13
Calculate the remainder when 8921 is divided by 4460.
1
What is the remainder when 34877 is divided by 64?
61
Calculate the remainder when 128 is divided by 56.
16
What is the remainder when 430 is divided by 132?
34
What is the remainder when 717 is divided by 15?
12
Calculate the remainder when 2305 is divided by 616.
457
What is the remainder when 509 is divided by 1?
0
Calculate the remainder when 144 is divided by 50.
44
What is the remainder when 3002 is divided by 13?
12
Calculate the remainder when 15 is divided by 11.
4
Calculate the remainder when 3387 is divided by 7.
6
Calculate the remainder when 148 is divided by 36.
4
What is the remainder when 140 is divided by 34?
4
Calculate the remainder when 12863 is divided by 61.
53
What is the remainder when 337 is divided by 85?
82
Calculate the remainder when 175 is divided by 65.
45
What is the remainder when 142 is divided by 63?
16
What is the remainder when 2721 is divided by 12?
9
What is the remainder when 736 is divided by 67?
66
What is the remainder when 73 is divided by 33?
7
What is the remainder when 1130 is divided by 103?
100
What is the remainder when 53 is divided by 31?
22
Calculate the remainder when 180 is divided by 93.
87
Calculate the remainder when 839 is divided by 56.
55
What is the remainder when 2412 is divided by 69?
66
Calculate the remainder when 325 is divided by 162.
1
Calculate the remainder when 79 is divided by 2.
1
What is the remainder when 1724 is divided by 11?
8
What is the remainder when 97 is divided by 90?
7
Calculate the remainder when 679 is divided by 134.
9
Calculate the remainder when 5044 is divided by 58.
56
Calculate the remainder when 314 is divided by 4.
2
Calculate the remainder when 30 is divided by 11.
8
Calculate the remainder when 1299 is divided by 50.
49
Calculate the remainder when 155 is divided by 79.
76
Calculate the remainder when 1075 is divided by 12.
7
Calculate the remainder when 157 is divided by